 of 58 and o?
29
Let u be -2*2/(-14) - (-1688)/(-28). Let s be 25/12*2 - (-10)/u. Calculate the greatest common divisor of 16 and s.
4
Let h(b) = -3*b**2 + b + 6. Let m be h(3). Let z = -1 - m. Suppose 2*y - 9 = z. Calculate the greatest common divisor of y and 65.
13
Suppose -5*u + 5 = 0, g - 3*u = 146 + 4. Let q(o) = 7*o + 73. Let l be q(-8). What is the highest common divisor of g and l?
17
Let q be 158/2 - 3/(-6)*2. Let z = q + 19. Calculate the highest common divisor of z and 11.
11
Suppose 3*o + o - 56 = i, 0 = -5*i. Let r = -2152 - -2222. Calculate the highest common divisor of o and r.
14
Let u(t) = -t**3 + 8*t**2 - 5*t - 8. Let a be u(5). Suppose -2 - 10 = -2*c. What is the greatest common divisor of a and c?
6
Let c = -1275 - -1523. What is the greatest common divisor of c and 24?
8
Suppose 0 = 2*f + f - 75. Let i be (-10)/f + (-67)/(-5). Calculate the highest common divisor of i and 91.
13
Let j(f) = f**3 - 19*f**2 + 57*f - 24. Let i be j(16). Calculate the highest common divisor of 15 and i.
15
Suppose -4*t + 40 = -44. Calculate the highest common divisor of t and 105.
21
Let x(v) = 163*v - 48. Let c be x(6). Calculate the highest common divisor of 10 and c.
10
Let q(g) = -g**3 + 27*g**2 + 62*g - 6. Let h be q(29). What is the greatest common divisor of 10 and h?
10
Suppose -2 = -2*a - n, 3*a + 8*n - 3*n - 3 = 0. What is the greatest common divisor of 53 and a?
1
Suppose 0 = -214*i + 10*i + 27*i + 15045. Suppose 102 = 4*p - 2*p. Calculate the highest common divisor of p and i.
17
Let h be (-1)/(0 + -1)*5/1. Suppose h*k + o - 268 = 3*k, -k - 4*o + 120 = 0. Calculate the greatest common divisor of 17 and k.
17
Let l = 1090 + -1084. What is the greatest common factor of 51 and l?
3
Let d = -91 - -142. What is the highest common factor of d and 255?
51
Suppose -2*p + 5*p + 56 = 4*s, -5*s = 2*p - 93. Let q be (-158)/(-8) - (-3)/12. Let f = q - s. What is the highest common factor of 1 and f?
1
Let o = -552 + 596. What is the greatest common factor of 286 and o?
22
Let x be 0/(-2) + (-32)/(-1). Let m(g) = -352*g**3 - 11*g**2 - 11*g. Let d be m(-1). What is the greatest common divisor of d and x?
32
Let b be (11/5 + -3)*150/(-4). What is the highest common factor of 110 and b?
10
Let u = 260 - 186. What is the highest common divisor of u and 185?
37
Suppose 143 = -6*a + 593. Calculate the highest common divisor of 45 and a.
15
Suppose 5*s - 20 = -5. Let v be 7 - 3/(3/s). Suppose -2*k = -v*k - 4*f - 4, -3*k - 3*f = -9. What is the highest common divisor of 88 and k?
8
Let s be ((-14)/10 + 3 + -1)/((-1)/(-5)). Let z be (-2)/(-2 - -3) - -23. Calculate the highest common factor of z and s.
3
Let d = 12 + 18. Let h = -3257 + 3347. Calculate the highest common factor of d and h.
30
Suppose -3*n + 7 = -4*s, -5*s - 1 = -n - 17. Suppose 0 = 5*p - l - 32 - n, -p + 25 = 4*l. Calculate the greatest common divisor of p and 18.
9
Let d be (-18)/2*16/(672/(-238)). What is the highest common divisor of d and 595?
17
Let a = 47 + -45. Let u be a/2 + -1 - (-2 + -12). What is the highest common factor of u and 7?
7
Let v be (-764)/(-6) + (-10)/75*-5. Calculate the greatest common divisor of v and 80.
16
Suppose -208 = -5*f - 4*j, 4*j - 3*j - 82 = -2*f. What is the highest common factor of f and 40?
40
Suppose -2*y = -2*b - 2, -4*y + 0 - 2 = 2*b. Suppose -13*d + 14*d - 2 = y. Suppose 65 = d*o - 97. What is the greatest common factor of o and 9?
9
Let o(a) = 21*a**2 - a + 8. Let v be o(-7). Suppose -v = -0*m - 6*m. Suppose 4*t = 66 + m. What is the greatest common divisor of t and 24?
12
Suppose 0 = 2*l - 3*t - 12, 2*l - 30 = -3*l + 5*t. Let n(x) = -14*x + 45. Let k be n(3). Calculate the greatest common factor of k and l.
3
Let a = -1908 - -1970. What is the greatest common divisor of 1643 and a?
31
Suppose -4515 + 1642 = -13*p. What is the greatest common divisor of 34 and p?
17
Let h(b) = -23*b + 13. Let c be h(-13). Let w be c/21 + 1/7. What is the highest common factor of 10 and w?
5
Let h = 250 + 80. Calculate the greatest common factor of h and 60.
30
Let k be -1*2 + -95 + 35/5. Let b = k - -100. What is the highest common factor of b and 10?
10
Suppose -35 + 115 = 5*z. Let x = z - -12. Calculate the highest common factor of 56 and x.
28
Let s(x) = -41*x - 334. Let k be s(-11). What is the highest common factor of k and 9?
9
Let c(a) = -a**3 + 12*a**2 + 18*a + 7. Suppose -8*g = -5*g - 39. Let w be c(g). Calculate the highest common divisor of 9 and w.
9
Suppose 4*z - 4*d - 3 = 5*z, -5*z - 37 = -2*d. Let x be (-2)/z - 6/21. Suppose -5*u + 4*u + 4 = x. What is the highest common factor of 8 and u?
4
Let b(d) = -8*d + 12. Let u be b(2). Let g(m) = -11*m - 2. Let k be g(u). Calculate the greatest common factor of k and 126.
42
Let a be (0 - 1)/((-4)/68). Let x be (101 + 1)/(15/10). Calculate the highest common divisor of x and a.
17
Let j be 0/(-2)*(-1 - 0)*-1. Suppose -5*s + 40 + 35 = j. What is the greatest common divisor of 20 and s?
5
Let k(z) = -2*z**2 - 17*z + 16. Let v be k(-8). Calculate the greatest common factor of 72 and v.
24
Suppose 2*q = 2*l - 10 - 12, 0 = -3*l + 2*q + 37. Calculate the greatest common factor of 255 and l.
15
Let p = 297 + -133. Let r = p - 114. Calculate the highest common factor of r and 20.
10
Let g(l) = 2*l**2 + 7*l + 18. Let f be g(-6). What is the greatest common factor of f and 720?
48
Let s(q) = -q**2 + 1. Let p(m) = -5*m**2 + 9. Let c(t) = p(t) - 6*s(t). Let o be c(-3). Suppose 2*g + g - 9 = 0. What is the highest common divisor of g and o?
3
Let t(p) = -5*p**2 - 15*p + p**2 + 5*p**3 + 9 - 4*p**3 + 9*p**2. Let d be t(6). Calculate the greatest common factor of d and 35.
35
Let o(h) = 2*h**2 + 7*h. Let b be o(-4). Calculate the highest common divisor of 332 and b.
4
Suppose -29*o + 404 + 408 = 0. What is the greatest common divisor of o and 126?
14
Let b(y) = -y + 17. Let w be b(11). Let i = w - 10. Let k be (-10314)/(-99) + i/22. Calculate the highest common factor of 26 and k.
26
Let c(i) = i**3 - 11*i**2 - 14*i + 24. Let d be c(12). Suppose -k = a - 79, a = k - d - 75. Calculate the greatest common factor of k and 11.
11
Suppose -2*s + 126 = 5*n - 241, n = s - 187. Calculate the highest common divisor of s and 62.
62
Let s be (-10 + -10 + -5)/(1 + -2). What is the greatest common divisor of 800 and s?
25
Let t = 648 + -374. Let q = -111 - -109. Let i be q + (-3)/((-6)/t). Calculate the highest common divisor of 27 and i.
27
Let k be -1*12/(-4) - 1. Suppose 4*u - k*u = c - 20, 5 = -c - 3*u. Suppose 0*r + r = 10. Calculate the greatest common factor of r and c.
10
Let t(l) = 16*l**2 + 4*l + 2. Let p(i) = -i - 7. Let m be p(-6). Let u be t(m). Let h = -43 - -78. Calculate the highest common factor of u and h.
7
Let h = 276 - 244. What is the greatest common divisor of h and 1280?
32
Suppose -c + 14 = -4*t, -3*c - c = 4*t - 136. Suppose 3*s - c = -0*s. What is the highest common divisor of 25 and s?
5
Let i be (2/4)/((-2)/(-12)). Suppose 3*a - 9*a + 72 = 0. Suppose -i*v + b + 18 = 0, -5*b - a = -5*v + 8. Calculate the greatest common factor of 14 and v.
7
Let n be -45*(90/21)/((-18)/28). What is the greatest common divisor of 24 and n?
12
Let n(o) = 51*o + 16. Let l be n(0). Calculate the greatest common factor of 408 and l.
8
Let t(a) = 7*a**2 - 7*a - 32. Let l be t(-8). Calculate the highest common divisor of l and 354.
118
Let g be ((-80)/3)/2*-3. Suppose 2000 = -95*n + 115*n. What is the greatest common factor of n and g?
20
Suppose 0 = 4*c + 511 + 849. Let r = -214 - c. What is the highest common factor of r and 14?
14
Suppose -z - 44 = -66. Calculate the highest common divisor of z and 902.
22
Let n = 25 + 5. Calculate the highest common divisor of n and 510.
30
Suppose b = -3*b + 96. Suppose -6 = 7*s - 90. What is the highest common factor of b and s?
12
Suppose 4*q = q + 2*t + 309, -q = 4*t - 117. What is the highest common divisor of q and 21?
21
Suppose 5*r - m - 121 = 0, -m = r + 1 - 24. Let b be (-5)/(-30) + (-134)/12. Let l = 1 - b. Calculate the greatest common factor of l and r.
12
Let m(j) = 317*j - 370. Let l be m(3). What is the highest common divisor of 21 and l?
7
Suppose 2*t = 4*l - 50, -13*t + 7 = l - 8*t. Let q = 87 - 51. What is the highest common divisor of l and q?
12
Let d be 3236/7 - 7*